at are the prime factors of s?
53
Let x(o) = 2*o + 1. Let q be -6*2/(-6)*1. List the prime factors of x(q).
5
Let k(w) = -22*w + 1. Let l be k(1). What are the prime factors of (-1)/((3/l)/1)?
7
Suppose -4*d = d - 35. Let b(m) = 2*m**2 + 2*m - 2. Let v be b(-2). Suppose 3*p - 5*r = 40, v*r = 5*p + d*r. What are the prime factors of p?
5
Let a(u) = u**2 - 10*u + 23. What are the prime factors of a(16)?
7, 17
Let d = -6 + 13. Suppose 3*x + 26 = 3*n - x, n - d = x. Suppose 0 = -5*o + 20, 3*h + n*h - 33 = -2*o. List the prime factors of h.
5
Suppose 6*i - 1034 = 118. List the prime factors of i.
2, 3
Suppose -g - 24 = -3*g + 4*c, -5*c = -2*g + 22. What are the prime factors of 3/3 + -3 + g?
2, 7
Suppose -2*d - 5*y + 74 = -0*d, 2*d - 86 = y. What are the prime factors of d?
2, 3, 7
Let d(r) = -11*r + 1. What are the prime factors of d(-4)?
3, 5
Let d be (-1)/(1/(-2)) + 0. Suppose 0 = -5*g + 2*c + 15, d*g + g - c - 9 = 0. List the prime factors of g.
3
Suppose 2*v - 5*t - 47 = 0, -5*t + 83 = 2*v + v. Let l = -14 + v. List the prime factors of l.
2, 3
Suppose q - 32 = -4*s, -3*s = -2*q - 14 + 1. What are the prime factors of s?
7
Let i be 1 + (-1)/1*89. List the prime factors of i/(-9) + 12/54.
2, 5
Let f be (-4)/18 - 4/(-18). Suppose 6*r - r - 15 = f. Suppose x = 5 - r. What are the prime factors of x?
2
Let d(r) = -3*r. Let a be (49/14)/(2/(-4)). What are the prime factors of d(a)?
3, 7
Let d = 16 - 11. Suppose d*k + 63 = 8*k. What are the prime factors of k?
3, 7
Let j = 6 - -28. What are the prime factors of j?
2, 17
Let u = -49 - -88. Suppose 5*h - 2*h = u. List the prime factors of h.
13
Let j(p) = 2*p + 3. Let w(u) = -u**3 + u - 12. Let r be w(0). Let y = r + 18. What are the prime factors of j(y)?
3, 5
Let w(m) = 3*m**2 - 2*m - 1. Let l(k) = 4*k**2 - 2*k - 1. Let n(q) = -4*l(q) + 5*w(q). Let p be n(-1). Suppose p = -3*s - 0 + 6. List the prime factors of s.
2
Suppose 5*s + 3 = -0*z - z, -s - 12 = 4*z. Let j be 0 + 0 - (z - 28). Suppose -4*p + j = 3. What are the prime factors of p?
7
Suppose -u + 4*d + 16 = 0, -d - 3*d = 3*u. Suppose -w - u*w = -45. List the prime factors of w.
3
Let x(z) = -z**2 - 35*z - 28. What are the prime factors of x(-27)?
2, 47
Let p be (-2)/(-4) + (-2)/4. Suppose p*v + v = 0. Suppose v = -i + 6*i - 60. List the prime factors of i.
2, 3
Suppose -2*o + 40 = 12. Suppose 0 = -y + 2*y + 3*g - o, -g - 17 = -4*y. List the prime factors of y.
5
Suppose -8 = 4*u - 0*u. Let j = 6 + u. What are the prime factors of j?
2
Suppose 2*t + 2*t = 120. List the prime factors of t.
2, 3, 5
Suppose v = -0*v + 134. List the prime factors of v.
2, 67
Let j = -41 - -64. What are the prime factors of j?
23
Let q(u) = 16*u - 13. Let i(z) = -5*z + 4. Let w(y) = -7*i(y) - 2*q(y). What are the prime factors of w(2)?
2
Let t be (-2)/(-10) + 63/(-15). Let a be (-27)/t + 9/(-12). Suppose -2*s = -26 - a. List the prime factors of s.
2
What are the prime factors of ((-10)/(-4) - -4)/((-2)/(-92))?
13, 23
Let w(n) = -n. Let l be w(-2). Suppose -2*i = -5*t + 15 - 4, l*i = -6. Suppose t + 7 = k. List the prime factors of k.
2
Let k = 26 - 19. Suppose 120 = -2*z + k*z. What are the prime factors of z?
2, 3
Let r = -24 - -40. Suppose -2*c + 14 + r = 0. What are the prime factors of c?
3, 5
Let l(z) = 12*z**2 - z + 2. What are the prime factors of l(-2)?
2, 13
Let d be (8 - 0) + (-1 - 2). Suppose 0 = h + n - 7, -n = -d*h + 2*n + 35. List the prime factors of h.
7
Suppose -2*t - 25 = -7*t. Suppose 0 = -n + c + 23, -4*c + 2*c + 150 = t*n. List the prime factors of n.
2, 7
Suppose a = 3*h - 17, -4*h - 4*a = -3*a - 18. Suppose -2*k = h*o - 4 - 48, 5*k - 3*o = 68. List the prime factors of k.
2
Let a = 13 - 13. Suppose 3*b - 8 - 7 = a. List the prime factors of b.
5
Let h(m) = 2*m + 32. List the prime factors of h(0).
2
Let x(j) = -j**3 + 6*j**2 - 6*j + 1. Let i be x(5). List the prime factors of 6/(-24) + (-41)/i.
2, 5
List the prime factors of 4*((-27)/(-6) + -3).
2, 3
Let t = 4 + -4. Suppose a + 2 = t, 5*a + 3 = -2*j - 3. Suppose -4*d + 16 = -2*w + 3*w, -8 = j*w. What are the prime factors of d?
5
Suppose 0*g + 4*g - 221 = -3*z, -4*z + g = -320. What are the prime factors of z?
79
Let g be -4 + 4 - (-4 - -1). Suppose -3 = -g*q + 2*q, -o + 4*q = 10. Suppose r - 6 - 14 = -o*u, 3*r + 28 = 5*u. What are the prime factors of u?
2
Suppose 0 = 4*y + v - 5*v - 36, 6 = 4*y + 2*v. Suppose 5*p - 3*o = 2*o + 10, -35 = -y*p - 5*o. Suppose -p*w - 25 = -10*w. List the prime factors of w.
5
Let s be ((-6)/(-5))/(8/20). Suppose -w - 2*p = -43, -4*w + s*w = -2*p - 39. What are the prime factors of w?
41
Let o(f) be the second derivative of f**5/10 - f**4/12 - 2*f**3/3 + 6*f. List the prime factors of o(3).
3, 11
Suppose -4*f = -150 - 22. Suppose 5*m - 17 = f. What are the prime factors of m?
2, 3
Suppose 2*v - 32 = 5*g + 4, -2*v + 20 = -3*g. Let c(y) = -y**2 - 7*y + 7. Let l be c(g). What are the prime factors of 6/(l/(-3)*3)?
2, 3
Suppose -7*z + 8*z - 8 = 0. List the prime factors of z.
2
List the prime factors of (18/21)/3 - 3120/(-56).
2, 7
Let d be (21/6 - 3)*8. Suppose 2*x + 16 = d*x. What are the prime factors of x?
2
Let f = 9 - -34. What are the prime factors of f?
43
Suppose 0 = -0*v + 8*v - 2*v. Let m = 6 + 6. Let k = v + m. What are the prime factors of k?
2, 3
Let f(j) = j**2 - 12*j + 14. Let c be f(10). Let m = c - -20. List the prime factors of m.
2, 7
Let g(x) = 5*x**2 + x + 1. Let v be g(-1). Suppose 18 = 3*i + 3*q, v*q + 9 = -6. What are the prime factors of i?
3
What are the prime factors of (39 - 1/1) + -1?
37
Let m be ((-6)/(-9))/((-1)/(-3)). Let r = 8 + -8. Suppose 3*f - 4*l - 19 = r, -5*f + 43 = l - m*l. List the prime factors of f.
3
Let s = 12 - 0. Suppose -k + s = -0. Let n = k - 7. What are the prime factors of n?
5
Let t be 13/11 - (-2)/(-11). Let g be 3 - t - (-3 + 2). Suppose 4*h + 10 = 5*b - g, -5*h + 30 = 3*b. List the prime factors of h.
3
Suppose c = -i + 6, 0 = 2*c - 0*i - i. Suppose -5*p + 17 - c = 0. What are the prime factors of p?
3
Let t(s) = s**3 + s**2 - 5*s - 7. List the prime factors of t(5).
2, 59
Let h(v) = -44*v + 5. List the prime factors of h(-3).
137
Suppose -3*x + 0*t + 471 = 3*t, -4*t = 5*x - 783. Let a = 228 - x. Suppose 3*c = -j + 2*j + 43, -j = -5*c + a. What are the prime factors of c?
3, 5
Suppose -5*w + 325 = 100. What are the prime factors of w?
3, 5
What are the prime factors of 1/(-2)*6 + 4 + 140?
3, 47
Suppose -1 = -4*k + 3*v, 4*k + 0*v = 4*v. Let x(a) = 12*a. Let g be x(k). List the prime factors of 8/g + 31/3.
11
Let i = -6 - -12. Suppose 3*z - d = 5 + i, 0 = -d - 5. Suppose z*k - 4 = k. List the prime factors of k.
2
What are the prime factors of (-426)/(-1) + (-1 - -7 - 7)?
5, 17
Let q(p) = -p**2 - 22*p + 8. What are the prime factors of q(-8)?
2, 3, 5
Suppose 35 = -2*a - 3*h, 2*a - 4*h + 3*h + 15 = 0. Suppose -k - 2*k - 21 = 0. Let i = k - a. List the prime factors of i.
3
Let b(u) = -u**3 - 4*u**2 + 4*u - 3. Let d be b(-5). Let v be 1 + (6*d)/3. Let l = 8 - v. What are the prime factors of l?
3
Let y(i) = 7*i - 3 - 6*i**2 + 4*i**3 - 3*i**3 + 4*i**2. Let j(p) = -p**3 + 2*p**2 - 6*p + 3. Let g(z) = -3*j(z) - 2*y(z). What are the prime factors of g(2)?
5
List the prime factors of ((-70)/5)/(4/(-14)).
7
List the prime factors of (1 - -1) + (-2 - -30).
2, 3, 5
Let h(l) be the first derivative of 2*l**2 - 6*l + 1. Suppose 8 = -3*b + 5*b. What are the prime factors of h(b)?
2, 5
Let q = -21 - -41. Suppose -q = -5*s - 0. What are the prime factors of s?
2
Let v(b) = -3*b + 16. List the prime factors of v(-10).
2, 23
Let c(t) = -10*t**2 + 0 - 7 - 3 - t**3 - 12*t. What are the prime factors of c(-9)?
17
Let d = 190 - 72. What are the prime factors of d?
2, 59
Suppose h - 2 = 0, 0 = -2*s + h + 6. Suppose -o - 4*d + 6 = -0, 0 = s*d + 16. What are the prime factors of o?
2, 11
Let i = -33 - 4. Let w = -20 - i. What are the prime factors of w?
17
Suppose 0 = -7*b - 0*b + 273. What are the prime factors of b?
3, 13
Suppose 6*w - 50 = w. Suppose 4*i - 80 = -4*u, -5*u - 3*i = -w*u + 84. Suppose u = 3*l - 0. What are the prime factors of l?
2, 3
Let l(d) = 19*d**2 - d - 4. What are the prime factors of l(-4)?
2, 19
Let q(i) = 5 + 10*i + i**2 - 5*i**2 - 15. Let v(o) = 5*o**2 - 11*o + 11. Let n(u) = 4*q(u) + 3*v(u). What are 